. What is the tens digit of i(7)?
1
Let y = 55 - 37. What is the units digit of (9/y)/(2/100)?
5
Suppose 564 = -2*c + 8*c. Let m = -34 + c. Let y = 87 - m. What is the units digit of y?
7
Let v be -6 + (4 + -4)/5. Let p(a) = -a**3 - 5*a**2 - 6*a - 3. What is the units digit of p(v)?
9
Let r = -9 - -16. Suppose f = -r*f + 2152. What is the units digit of f?
9
Suppose -2*i = -4*n + 30, 3*n - 33 = 8*i - 3*i. Let l = -6 + n. Suppose 48 = 3*c + 5*t, 4*c - 64 = -l*c + t. What is the tens digit of c?
1
Suppose -4*o - 5*f + 3405 = 0, -o + 0*f + 852 = f. What is the tens digit of o?
5
Let o(y) = -y**3 + 4*y**2 + 12*y. Let t be o(6). Suppose h + h - 114 = t. What is the units digit of h?
7
What is the hundreds digit of (-28)/6*(-8262)/119?
3
Let v = -1197 - -620. Let c = 898 + v. What is the units digit of c?
1
Let u = 9532 + -4291. What is the tens digit of u?
4
What is the hundreds digit of (47/(-188))/(1253/(-1252) - -1)?
3
Let i = 12 - 7. Let v(k) = -2*k + i + 3 - 2. What is the units digit of v(-6)?
8
Let k(o) = 184*o + 108. What is the hundreds digit of k(11)?
1
Let p(i) = 6*i - 6. Let o(n) = -n + 1. Let y(r) = 5*o(r) + p(r). Let h(l) = -14*l - 86. Let f be h(-7). What is the tens digit of y(f)?
1
What is the units digit of (20 - 4)/((-14)/(-707))?
8
Suppose 4*t + 3475 = l, 3*l = 13*t - 11*t + 10475. What is the hundreds digit of l?
4
Suppose -2*a = -10*a - 3528. Let y = -128 - a. Suppose -y = -4*r - 17. What is the tens digit of r?
7
Suppose -3*r + 4*r - 3 = -f, 0 = 3*r + 5*f - 15. Suppose d - 15 = -d + 5*q, r = -4*d + 5*q + 25. What is the units digit of d?
5
Suppose 288 = -2*x + 2*i, 7*x = 12*x - 2*i + 711. Suppose y = 5*y + 380. Let h = y - x. What is the units digit of h?
6
Let z be (3 + -19)*(28/8 + -2). What is the units digit of 207*(3 + z/9)?
9
Suppose 657 = 3*z - 168. What is the units digit of z?
5
Let l(o) = o**3 + 5*o**2 - 6*o + 62. What is the tens digit of l(5)?
8
Let j = 1479 + -934. What is the units digit of j?
5
Let o(h) = 3*h**3 + h**2. Let f be o(-1). Let g = 11 + f. Let a = 28 - g. What is the units digit of a?
9
Let p(w) = -175*w**3 - 2*w**2 - w - 11. What is the units digit of p(-2)?
3
Let k(h) = 3*h**2 + 5*h + 4. Let b be k(-2). Suppose b*f - 2*f - 140 = 0. Let s = f - 16. What is the tens digit of s?
1
Let t = -7 - -13. Let p be 1/(-1) - (-17 + t). What is the tens digit of (4/p)/(11/440)?
1
Let x(z) = 3 + 5 - 5 + 12*z. What is the tens digit of x(4)?
5
Let b be 2 + -1 + 34/(-17). Let y = 6 - b. What is the units digit of y?
7
Suppose -14*t - 210 = -16*t. Let j = t - 2. What is the tens digit of j?
0
Let u(p) = p. Let r be ((-3)/2)/((-36)/24). Let n be u(r). Let s = 6 + n. What is the units digit of s?
7
Let u(k) = 2*k + 14. Let p be u(-8). Let g(r) = -4*r**3 - 2*r**2 - 4*r - 2. Let a be g(p). Suppose a = d + 6. What is the units digit of d?
4
Suppose 3*f - 3*o - 942 = 0, -3*f + 784 + 188 = 3*o. What is the hundreds digit of f?
3
Suppose u - b - 4 - 3 = 0, -3*b = 3*u - 15. Let c(s) = 59*s - 1. Let w be c(1). Suppose 4*i = -u + w. What is the tens digit of i?
1
Let g = -680 - -1571. Suppose -b = 2*t + g, b = t + 5*b + 442. What is the units digit of t/(-12) - (-12)/(-72)?
7
Suppose -9 = -5*s + 11, 5*s - 1388 = -y. What is the units digit of y?
8
Suppose 0 = 2*m + o - 5725, 4*m - o = -6*o + 11459. What is the thousands digit of m?
2
Suppose -4*y + 11555 = -o, -y = -80*o + 78*o - 2894. What is the tens digit of y?
8
Suppose t = -0*t, -q - 5*t = 0. Suppose -4 = z - q. What is the units digit of (-10)/z + 4/(-8)?
2
Let o = -61 + 39. Let n be 1/(-9) + -98*(-22)/693. What is the tens digit of (o - -3)*(-6 + n)?
5
Suppose -o + 3266 = 3*p, 15*o - p - 16346 = 10*o. What is the tens digit of o?
6
Let c(u) be the first derivative of u**3/3 + u**2/2 - 3*u - 5. Suppose 6 - 14 = 2*d. What is the units digit of c(d)?
9
Let u be (-10)/(-2) - (0 - -1). Let j(m) = -m**2 - 33*m - 2 - 26*m + 64*m. What is the units digit of j(u)?
2
Suppose -3*i + 6*i - t = 1015, i - 4*t = 320. What is the units digit of i?
0
Let n(r) = -19*r - 103. Let j be n(-9). Let z be 101/(3 + 0 + -2). Let p = z - j. What is the units digit of p?
3
Let d be (-855)/(-19)*1/3. Let i be (-8)/(-3)*d/20. Suppose -4*z - 2*g = -3*z - 36, 5*z - i*g = 228. What is the units digit of z?
4
Suppose o = -2*b + 5, 2*o + 7 = 4*b + 5*o. Suppose 0 = 5*y - 4*w - 68, -b*w = -5*y + y + 56. What is the units digit of y?
2
Suppose 4*l + 18*l = 5720. What is the hundreds digit of l?
2
Suppose 364*k = 375*k - 3399. What is the tens digit of k?
0
Let f be 1965/25 - (-4)/10. Let l = 164 - f. What is the units digit of l?
5
Suppose 5*z + 3*k - 1788 = 0, 4*z + 2*k - 1287 = 143. What is the hundreds digit of z?
3
Let m be 12 + -8*(-1)/(-2). Suppose m = -5*o + 7*o. Let d = o - 3. What is the units digit of d?
1
Let z(x) = -x**2 + 5*x + 1. Let c be z(4). Suppose 3*o = c*i - 0 + 14, 4*i + 24 = 4*o. Suppose 0 = o*s - 3*s - 25. What is the units digit of s?
5
What is the units digit of ((-1209)/279)/(2/(-1014))?
7
Let u(q) = 2*q**2 - 2*q + 114. What is the units digit of u(20)?
4
Let g = 43 + -43. Suppose 2*k - 6 = g, 4*s - 417 = s + k. What is the hundreds digit of s?
1
Let q = -15 - -19. Let k be ((-8)/q)/(6/(-15)). Suppose k*m - 40 = -5*t + 3*t, -5*t - 4*m = -117. What is the tens digit of t?
2
Let k = -37 - -473. What is the tens digit of k?
3
Let r(q) = -q + 10. Let l(d) = d**2 - 8*d + 21. Let n be l(5). What is the units digit of r(n)?
4
Let y = -1 + 4. Suppose -13 = -y*j - 1. Suppose -j = -3*m + 26. What is the units digit of m?
0
Suppose 2*p = -21*a + 25*a - 2350, -1752 = -3*a + 5*p. What is the tens digit of a?
8
Suppose 3*i + 6 = 0, 8*i - 3*i - 4334 = -2*u. What is the units digit of u?
2
Suppose -10 - 6 = 4*p. Let c be (-6 + 7)*(1 + p). What is the units digit of c - (0 - 10) - 2?
5
Let n(o) = -481*o + 154. What is the hundreds digit of n(-3)?
5
Let i(d) = 24*d**2 - 25*d**2 + 2 + 2*d + 3*d**3 - 8*d**3. Let q be i(-1). What is the units digit of (-12)/q*(0 + -1)?
3
Let v = -65 + 145. Let r = 24 + v. What is the units digit of r?
4
Suppose -17*z + 3*z + 7238 = 0. What is the hundreds digit of z?
5
Let d = -39 + 99. Suppose 0 = -6*l + 7*l - d. What is the tens digit of l?
6
Let a = 2520 - 683. What is the hundreds digit of a?
8
Suppose 3*u + 9 = -4*f, 2*f - u - 5 = -2. Suppose -2*m + 4*j = -146, f*m + 237 = 3*m + 3*j. What is the units digit of m?
7
Let y be 12/16 + 498/8. Suppose -d + 4*d + y = 0. Let c = d - -26. What is the units digit of c?
5
Suppose -6*j = -j - 145. Suppose -4*a = -j - 23. Let d = a - 8. What is the units digit of d?
5
Suppose -158 = 4*h - 1646. What is the units digit of h?
2
Let p(w) = -2*w**3 + 4*w**2 - 3*w + 6. Let i be p(3). Let g = 30 + i. Let k(a) = a**3 - 7*a**2 - 13*a + 6. What is the units digit of k(g)?
1
What is the thousands digit of (-16818)/126*-12*7/2?
5
Let y be 0 + 9 + -2 + 2. Let i = y + -1. What is the units digit of i?
8
Let l(b) = b - 21. Let y(u) = u - 20. Let j(q) = 5*l(q) - 6*y(q). Let c be j(12). What is the tens digit of 32 + (3 - (1 + c))?
3
Suppose -22*i + 16*i = -3342. What is the units digit of i?
7
Suppose 0 = -3*h + 5*h. Suppose h = -5*y + g - 225, 3*y = -2*y + 3*g - 215. What is the units digit of (-4)/7 - y/7?
6
Let w(c) = 42*c**2 - c - 2. Let k be w(-1). Suppose 0 = r + k - 103. What is the units digit of r?
2
Let a = 57 - 165. Let l = a + 170. What is the units digit of l?
2
Suppose 72098 = 35*f + 12*f. What is the thousands digit of f?
1
What is the tens digit of ((-172)/6)/((-84)/2898)?
8
Let f be (-3)/6 - (-45)/(-2). Let h(k) = -5*k - 55. What is the units digit of h(f)?
0
Let n = 26 - 20. Let c = 34 - n. What is the units digit of c?
8
Let n(y) = 8 + 6 - 2 - y**3 + 4 - 14*y**2. Let w be n(-14). Suppose 0*a + 3*i - 27 = -a, -w = -3*a + 4*i. What is the tens digit of a?
1
Let a(l) = -15*l - 147. What is the units digit of a(-15)?
8
Let n(v) = v**3 - v**2 + v + 63. Let o be n(0). Suppose -2*b = -b + 4*i - o, 2*b - 174 = 4*i. What is the tens digit of b?
7
Let i(j) = 141*j**2 - 2*j + 2. Let y be i(2). Suppose -142 + y = 5*f. Suppose -n = -4*n + f. What is the units digit of n?
8
Suppose -3*z - z = 0. Let y be 3 - (0 - z)/(-1). Suppose -103 - 23 = -y*p. What is the tens digit of p?
4
Suppose -2*r = -5*g + 7*g - 818, -3*r + 1223 = 2*g.